-s. Let z = -5 - -3. Let v(q) = z*p(q) - c(q). Calculate the remainder when 2 is divided by v(-7).
0
Suppose -2*o + 6*o - 40 = 0. Let i = -7 - -9. Suppose -j = u + 2*j + 8, -i*u + 5*j + 28 = 0. Calculate the remainder when o is divided by u.
2
What is the remainder when 162 is divided by 3 - (-3)/(6/104)?
52
Suppose -4*h - 124 = -5*a, 4*a + 2*h - 50 = 44. What is the remainder when a is divided by (-6)/9*39/(-2)?
11
Let a = -2 + 0. Calculate the remainder when 104/12 - a/(-3) is divided by 5.
3
Let r be (-4 - -80)*4/2. Suppose 3*m - r = -m. Suppose 5*f - 118 = -m. Calculate the remainder when 31 is divided by f.
15
Suppose -4*t = 3*a - 700, 0*a + 2*a - 2*t = 462. Suppose 4*b = -3*d - d + 320, d = 3*b - a. What is the remainder when b is divided by 27?
24
Suppose 6 = -2*a + 4*a. Suppose -10 = s - 2*i, 0 = 3*s - 6*i + 3*i + 15. Let q(r) = -r + 2. What is the remainder when a is divided by q(s)?
1
Let n be (-4 - -3)/(1/(-2)). Suppose -20 = -n*o - 2*o. Suppose s = -4*k + 10, -o*k + 1 = -4. What is the remainder when 16 is divided by s?
4
Let s be 316/28 + 2/(-7). Let l = s - 8. Suppose l*d - 5*c - 51 = 0, -2*d + 3*c = c - 30. What is the remainder when d is divided by 7?
5
Let h = 8 + -5. Suppose -m + h*m - 244 = 0. Calculate the remainder when m is divided by 31.
29
Suppose -5*t - 7 = -4*y + 2, 8 = -3*t + 5*y. Let v = t + 7. What is the remainder when 40 is divided by 35*v/(-15)*-1?
12
Suppose -d - 2*d = -2*f - 46, 0 = d + 5*f - 21. What is the remainder when 47 is divided by d?
15
Suppose -4*n - 5*w = 22 - 91, 9 = -3*w. What is the remainder when n is divided by 11?
10
Let z(x) = 4*x**2 + 6*x - 2. Calculate the remainder when z(-3) is divided by 7.
2
Suppose -4*h = -k - 0 - 4, -3*h - 65 = -5*k. What is the remainder when 45 is divided by k?
13
Let s(l) = -l**3 + 2*l**2. Let u be s(2). Suppose q = 3*c - 6, u = -4*q + q - 3*c + 18. Calculate the remainder when 6 is divided by q.
0
Let n(p) = 2*p**2 + 4*p - 3. Calculate the remainder when 50 is divided by n(2).
11
Suppose 2*r - 82 = -2*t, 2*r - 7*r = -4*t - 232. Calculate the remainder when r is divided by 12.
8
Let g(b) = b**2 + 4*b + 2. What is the remainder when g(-4) is divided by 1?
0
Let g = -4 - -6. Suppose -4 = -2*c, -c = g*o - 0*c - 20. Calculate the remainder when 16 is divided by o.
7
Suppose -8*i - 342 = -27*i. What is the remainder when 53 is divided by i?
17
Let c(o) = o - 8. Let b be c(5). Let k(g) = -g**2 - 4*g + 1. Calculate the remainder when 7 is divided by k(b).
3
Let r(y) = y + 13. Calculate the remainder when 38 is divided by r(-8).
3
Suppose -12 = -2*v - 4. What is the remainder when 33 is divided by v?
1
Let l(y) = y**2 + 2. Calculate the remainder when l(8) is divided by 18.
12
Let i(k) = 6*k + 2. Suppose 2*d = -5*n + 7*d - 15, 3*d - 7 = 4*n. Suppose -15 = n*q - 61. Calculate the remainder when q is divided by i(1).
7
Let l be (-1)/((-18)/15 + 1). Suppose -74 = -l*x - 24. What is the remainder when 29 is divided by x?
9
Calculate the remainder when 14 is divided by 9/(-15) + 112/20.
4
Let v be 3/4 + (-135)/(-12). Suppose -4*o = -5*g - 5, 4*o + g - 11 - v = 0. What is the remainder when o is divided by 1/((-1)/(-2) - 0)?
1
Let g(z) = z**3 - 5*z**2 + 5*z + 3. Suppose -6*m + 20 = -m. Calculate the remainder when 27 is divided by g(m).
6
Calculate the remainder when ((-3)/(-4))/((-3)/(-132)) is divided by 17.
16
Let v be (-105)/(-14)*2/3. Let b = v + 8. Suppose -4*d + 25 = -3. What is the remainder when b is divided by d?
6
Let n(l) = -l**3 + 6*l**2 + l. Let j be n(6). What is the remainder when (-4)/j - 66/(-18) is divided by 2?
1
Suppose -t + 0*t - 5*x = -24, 0 = -2*x + 6. Calculate the remainder when t is divided by 3.
0
Let q(d) = 32*d - 3. Let y be q(-3). Let p = -57 - y. Calculate the remainder when p is divided by 15.
12
Let w = 28 + -17. Suppose 0 = 9*r - 7*r - 6. Calculate the remainder when w is divided by r.
2
Suppose 3*d - 103 = 2*q - 18, q - 66 = -2*d. Let a(x) = -x**3 + 12*x**2 - 10*x + 5. Calculate the remainder when d is divided by a(11).
15
Let o be -4*(0 + (-63)/(-12)). Calculate the remainder when (-2)/4 + 53/2 is divided by (o/12)/((-1)/8).
12
Let x = 58 + -16. Let d(p) = 2*p**2 - 11*p - 7. Let s(t) = 3*t**2 - 21*t - 13. Let f(l) = -5*d(l) + 3*s(l). Calculate the remainder when x is divided by f(-5).
9
Suppose 0 = 3*b - 2*b - 8. Let m(d) = -d**3 + 9*d**2 - 6*d - 4. Suppose 0 = -8*v + 5*v + 21. What is the remainder when m(b) is divided by v?
5
Let w be ((-126)/15)/((-2)/5). Suppose -3*k = -b - 41, 0*k = -3*k - 3*b + w. Calculate the remainder when 33 is divided by k.
9
Suppose -f + 3*f = -2*t + 4, 0 = 4*f + 2*t - 4. Suppose f = z - 6 + 2. Suppose -j = z*j - 35. Calculate the remainder when 19 is divided by j.
5
Let u = -7 - -11. Suppose 2*j - 2 - u = 0, 5*x - 237 = j. What is the remainder when x is divided by 17?
14
Suppose 100 = 5*l - 5*i, -7*l + 88 = -2*l - i. Calculate the remainder when ((-14)/(-4))/((-1)/(-14)) is divided by l.
15
Let b = 6 - 11. What is the remainder when 27 is divided by 35/2*(-4)/b?
13
Let j be (48/20)/((-1)/5). Let o(h) = -h + 3. What is the remainder when 44 is divided by o(j)?
14
Let a(g) = -g**3 + 11*g**2 - 3*g + 3. What is the remainder when a(10) is divided by 25?
23
Let o(q) = -5*q. Let z be o(-1). Suppose -2*f - z*m - 4 = 0, -f - 4*m - 1 = 7. What is the remainder when 23 is divided by f?
7
Let n = -19 - -43. Let t = 48 - n. Suppose -3*m = -6, 3*m - t = -2*a - m. What is the remainder when 23 is divided by a?
7
Suppose -4*j - 12 = 0, -7*v + 131 = -3*v - 5*j. What is the remainder when (-30)/20*(-2)/(-6)*-172 is divided by v?
28
Suppose 3*r - 6 = 45. Calculate the remainder when r is divided by 9.
8
Let q(a) = -4*a - 64. Calculate the remainder when q(-17) is divided by 2.
0
Suppose 3*g - 2*g + 8 = 4*j, 4*j - 8 = 5*g. Suppose 4*d + 3*l - 14 = -g*l, 12 = 4*d + 4*l. What is the remainder when d is divided by (-1 - 0)/(-1) - -1?
1
Let t = 18 + 2. Calculate the remainder when t is divided by 12.
8
Let l = 99 - 31. Calculate the remainder when l is divided by (2/4)/(4/312) + -4.
33
Suppose -2*g + 32 = 2*g. Calculate the remainder when 6 + (2 - (1 + -6)) is divided by g.
5
Suppose 2*u - 16 = 2*c + 16, 0 = 4*u - c - 55. What is the remainder when 37 is divided by u?
11
Suppose -4*x - q + 138 = 0, 3*x - 151 + 44 = q. What is the remainder when 137 is divided by x?
32
Let r(i) = -i + 2. Let o be r(1). Calculate the remainder when o/(-2)*4 - -40 is divided by 6/(-21) + 186/14.
12
Let h be -2 + -4 + -16*2. Let c = h - -78. What is the remainder when c is divided by 14?
12
Let u(v) = v**2 - v + 8. Calculate the remainder when 23 is divided by u(0).
7
Suppose -2*l + 25 = -4*o + o, 0 = 4*l - 3*o - 41. Let z(v) = -2*v - 9. What is the remainder when z(-11) is divided by l?
5
Let c(x) = 4*x - 1. Suppose s = -2*s. Calculate the remainder when 3 + (-5 - s) - -7 is divided by c(1).
2
Let w be (35/28)/(2/8). Suppose 0 = -0*n + w*n - 40. Let r(x) = -x**3 - 5*x**2 - 4*x + 1. What is the remainder when r(-5) is divided by n?
5
Let w(j) = 6*j + 2. Let g be w(-5). Let v be 8/g - (-38)/(-14). Let k = 5 + v. What is the remainder when 4 is divided by k?
0
Suppose -58 = -2*d + 5*u, 3*u + 86 = 3*d + 8. Suppose -3*p - p - d = 0. Let m(j) = -j**3 - 7*j**2 - 8*j - 9. What is the remainder when 5 is divided by m(p)?
2
Let j be (2 + 0)/((-4)/(-10)). Suppose -j*r - 2*n = -177, -2*r + 115 = r - n. Calculate the remainder when r is divided by 13.
11
Suppose -80 = 11*t - 16*t. What is the remainder when t is divided by 6?
4
Suppose 65 = 5*t - 20. Suppose 3*w - 10 - 8 = 0. What is the remainder when 194/w + 16/24 is divided by t?
16
Let t = 4 - 0. Suppose 0 = -t*p - 3*a + 22, -16 = -p + 4*a - 1. Suppose 12*o = 14*o - 52. Calculate the remainder when o is divided by p.
5
Let r = -6 - -11. Let j be 3 + 0 + (2 - 0). Suppose 5*u - 47 = -2*n, -5*u - j*n = -u - 41. What is the remainder when u is divided by r?
4
Let q be 2/(-4)*-10*2. Suppose q = -2*w + 34. What is the remainder when 46 is divided by w?
10
Suppose -u + 9 = o - 8, -5*u - o + 105 = 0. Calculate the remainder when 86 is divided by u.
20
Let y be 1 + -1 + -1 + 13. Suppose 2*i + s + 8 = 59, 0 = 3*i - s - 64. Let n = i - y. Calculate the remainder when 43 is divided by n.
10
Let x = -7 + 29. Suppose -40 